{"version":"1.0","provider_name":"BeDigitalTogether","provider_url":"https:\/\/www.bedigitaltogether.be\/fr\/","author_name":"admin","author_url":"https:\/\/www.bedigitaltogether.be\/fr\/author\/lh_2l609ggp\/","title":"Investeringen in de ICT-infrastructuur binnen de schoolmuren - BeDigitalTogether - Be Digital Together","type":"rich","width":600,"height":338,"html":"<blockquote class=\"wp-embedded-content\" data-secret=\"00p9gNoBZf\"><a href=\"https:\/\/www.bedigitaltogether.be\/fr\/investeringen-in-de-ict-infrastructuur-binnen-de-schoolmuren\/\">Investeringen in de ICT-infrastructuur binnen de schoolmuren<\/a><\/blockquote><iframe sandbox=\"allow-scripts\" security=\"restricted\" src=\"https:\/\/www.bedigitaltogether.be\/fr\/investeringen-in-de-ict-infrastructuur-binnen-de-schoolmuren\/embed\/#?secret=00p9gNoBZf\" width=\"600\" height=\"338\" title=\"\u00ab\u00a0Investeringen in de ICT-infrastructuur binnen de schoolmuren\u00a0\u00bb &#8212; BeDigitalTogether\" data-secret=\"00p9gNoBZf\" frameborder=\"0\" marginwidth=\"0\" marginheight=\"0\" scrolling=\"no\" class=\"wp-embedded-content\"><\/iframe><script type=\"text\/javascript\">\n\/* <![CDATA[ *\/\n\/*! This file is auto-generated *\/\n!function(d,l){\"use strict\";l.querySelector&&d.addEventListener&&\"undefined\"!=typeof URL&&(d.wp=d.wp||{},d.wp.receiveEmbedMessage||(d.wp.receiveEmbedMessage=function(e){var t=e.data;if((t||t.secret||t.message||t.value)&&!\/[^a-zA-Z0-9]\/.test(t.secret)){for(var s,r,n,a=l.querySelectorAll('iframe[data-secret=\"'+t.secret+'\"]'),o=l.querySelectorAll('blockquote[data-secret=\"'+t.secret+'\"]'),c=new RegExp(\"^https?:$\",\"i\"),i=0;i<o.length;i++)o[i].style.display=\"none\";for(i=0;i<a.length;i++)s=a[i],e.source===s.contentWindow&&(s.removeAttribute(\"style\"),\"height\"===t.message?(1e3<(r=parseInt(t.value,10))?r=1e3:~~r<200&&(r=200),s.height=r):\"link\"===t.message&&(r=new URL(s.getAttribute(\"src\")),n=new URL(t.value),c.test(n.protocol))&&n.host===r.host&&l.activeElement===s&&(d.top.location.href=t.value))}},d.addEventListener(\"message\",d.wp.receiveEmbedMessage,!1),l.addEventListener(\"DOMContentLoaded\",function(){for(var e,t,s=l.querySelectorAll(\"iframe.wp-embedded-content\"),r=0;r<s.length;r++)(t=(e=s[r]).getAttribute(\"data-secret\"))||(t=Math.random().toString(36).substring(2,12),e.src+=\"#?secret=\"+t,e.setAttribute(\"data-secret\",t)),e.contentWindow.postMessage({message:\"ready\",secret:t},\"*\")},!1)))}(window,document);\n\/\/# sourceURL=https:\/\/www.bedigitaltogether.be\/wp-includes\/js\/wp-embed.min.js\n\/* ]]> *\/\n<\/script>\n","description":"Des investissements dans l&rsquo;infrastructure TIC des \u00e9coles et dans des appareils TIC destin\u00e9s \u00e0 un usage partag\u00e9 dans toutes les classes, de la premi\u00e8re \u00e0 la quatri\u00e8me primaire incluses. Nous pr\u00e9voyons \u00e9galement des ressources pour la mise \u00e0 disposition d&rsquo;un appareil TIC propre pour les \u00e9l\u00e8ves de cinqui\u00e8me et sixi\u00e8me primaires. Nous pr\u00e9voyons \u00e9galement l\u2019encadrement [&hellip;]"}

Des investissements dans l&rsquo;infrastructure TIC des écoles et dans des appareils TIC destinés à un usage partagé dans toutes les classes, de la première à la quatrième primaire incluses. Nous prévoyons également des ressources pour la mise à disposition d&rsquo;un appareil TIC propre pour les élèves de cinquième et sixième primaires. Nous prévoyons également l’encadrement [&hellip;]
