{"version":"1.0","provider_name":"BeDigitalTogether","provider_url":"https:\/\/www.bedigitaltogether.be\/fr\/","author_name":"admin","author_url":"https:\/\/www.bedigitaltogether.be\/fr\/author\/lh_2l609ggp\/","title":"Un agenda trans-politique - BeDigitalTogether - Be Digital Together","type":"rich","width":600,"height":338,"html":"<blockquote class=\"wp-embedded-content\" data-secret=\"2s1gWZ2RCx\"><a href=\"https:\/\/www.bedigitaltogether.be\/fr\/een-beleidsdomeinoverstijgende-agenda\/\">Un agenda trans-politique<\/a><\/blockquote><iframe sandbox=\"allow-scripts\" security=\"restricted\" src=\"https:\/\/www.bedigitaltogether.be\/fr\/een-beleidsdomeinoverstijgende-agenda\/embed\/#?secret=2s1gWZ2RCx\" width=\"600\" height=\"338\" title=\"\u00ab\u00a0Un agenda trans-politique\u00a0\u00bb &#8212; BeDigitalTogether\" data-secret=\"2s1gWZ2RCx\" frameborder=\"0\" marginwidth=\"0\" marginheight=\"0\" scrolling=\"no\" class=\"wp-embedded-content\"><\/iframe><script type=\"text\/javascript\">\n\/* <![CDATA[ *\/\n\/*! This file is auto-generated *\/\n!function(d,l){\"use strict\";l.querySelector&&d.addEventListener&&\"undefined\"!=typeof URL&&(d.wp=d.wp||{},d.wp.receiveEmbedMessage||(d.wp.receiveEmbedMessage=function(e){var t=e.data;if((t||t.secret||t.message||t.value)&&!\/[^a-zA-Z0-9]\/.test(t.secret)){for(var s,r,n,a=l.querySelectorAll('iframe[data-secret=\"'+t.secret+'\"]'),o=l.querySelectorAll('blockquote[data-secret=\"'+t.secret+'\"]'),c=new RegExp(\"^https?:$\",\"i\"),i=0;i<o.length;i++)o[i].style.display=\"none\";for(i=0;i<a.length;i++)s=a[i],e.source===s.contentWindow&&(s.removeAttribute(\"style\"),\"height\"===t.message?(1e3<(r=parseInt(t.value,10))?r=1e3:~~r<200&&(r=200),s.height=r):\"link\"===t.message&&(r=new URL(s.getAttribute(\"src\")),n=new URL(t.value),c.test(n.protocol))&&n.host===r.host&&l.activeElement===s&&(d.top.location.href=t.value))}},d.addEventListener(\"message\",d.wp.receiveEmbedMessage,!1),l.addEventListener(\"DOMContentLoaded\",function(){for(var e,t,s=l.querySelectorAll(\"iframe.wp-embedded-content\"),r=0;r<s.length;r++)(t=(e=s[r]).getAttribute(\"data-secret\"))||(t=Math.random().toString(36).substring(2,12),e.src+=\"#?secret=\"+t,e.setAttribute(\"data-secret\",t)),e.contentWindow.postMessage({message:\"ready\",secret:t},\"*\")},!1)))}(window,document);\n\/\/# sourceURL=https:\/\/www.bedigitaltogether.be\/wp-includes\/js\/wp-embed.min.js\n\/* ]]> *\/\n<\/script>\n","description":"L\u2019agenda STEM 2030 mise sur un flux entrant accru dans les formations et carri\u00e8res STEM, sur des sp\u00e9cialistes STEM et la consolidation g\u00e9n\u00e9rale des comp\u00e9tences STEM dans la soci\u00e9t\u00e9 dans son ensemble : l\u2019alphab\u00e9tisation STEM. Concr\u00e8tement, il se traduit en 4 objectifs strat\u00e9giques : La soci\u00e9t\u00e9 a conscience de l\u2019importance des comp\u00e9tences STEM. Chaque personne [&hellip;]"}

L’agenda STEM 2030 mise sur un flux entrant accru dans les formations et carrières STEM, sur des spécialistes STEM et la consolidation générale des compétences STEM dans la société dans son ensemble : l’alphabétisation STEM. Concrètement, il se traduit en 4 objectifs stratégiques : La société a conscience de l’importance des compétences STEM. Chaque personne [&hellip;]
