{"version":"1.0","provider_name":"BeDigitalTogether","provider_url":"https:\/\/www.bedigitaltogether.be\/de\/","author_name":"admin","author_url":"https:\/\/www.bedigitaltogether.be\/de\/author\/lh_2l609ggp\/","title":"Fraueninklusionsplan in der wallonischen Digitalwelt - BeDigitalTogether - Be Digital Together","type":"rich","width":600,"height":338,"html":"<blockquote class=\"wp-embedded-content\" data-secret=\"tB43KHmMc4\"><a href=\"https:\/\/www.bedigitaltogether.be\/de\/fraueninklusionsplan-in-der-wallonischen-digitalwelt\/\">Fraueninklusionsplan in der wallonischen Digitalwelt<\/a><\/blockquote><iframe sandbox=\"allow-scripts\" security=\"restricted\" src=\"https:\/\/www.bedigitaltogether.be\/de\/fraueninklusionsplan-in-der-wallonischen-digitalwelt\/embed\/#?secret=tB43KHmMc4\" width=\"600\" height=\"338\" title=\"&#8222;Fraueninklusionsplan in der wallonischen Digitalwelt&#8220; &#8211; BeDigitalTogether\" data-secret=\"tB43KHmMc4\" frameborder=\"0\" marginwidth=\"0\" marginheight=\"0\" scrolling=\"no\" class=\"wp-embedded-content\"><\/iframe><script type=\"text\/javascript\">\n\/* <![CDATA[ *\/\n\/*! This file is auto-generated *\/\n!function(d,l){\"use strict\";l.querySelector&&d.addEventListener&&\"undefined\"!=typeof URL&&(d.wp=d.wp||{},d.wp.receiveEmbedMessage||(d.wp.receiveEmbedMessage=function(e){var t=e.data;if((t||t.secret||t.message||t.value)&&!\/[^a-zA-Z0-9]\/.test(t.secret)){for(var s,r,n,a=l.querySelectorAll('iframe[data-secret=\"'+t.secret+'\"]'),o=l.querySelectorAll('blockquote[data-secret=\"'+t.secret+'\"]'),c=new RegExp(\"^https?:$\",\"i\"),i=0;i<o.length;i++)o[i].style.display=\"none\";for(i=0;i<a.length;i++)s=a[i],e.source===s.contentWindow&&(s.removeAttribute(\"style\"),\"height\"===t.message?(1e3<(r=parseInt(t.value,10))?r=1e3:~~r<200&&(r=200),s.height=r):\"link\"===t.message&&(r=new URL(s.getAttribute(\"src\")),n=new URL(t.value),c.test(n.protocol))&&n.host===r.host&&l.activeElement===s&&(d.top.location.href=t.value))}},d.addEventListener(\"message\",d.wp.receiveEmbedMessage,!1),l.addEventListener(\"DOMContentLoaded\",function(){for(var e,t,s=l.querySelectorAll(\"iframe.wp-embedded-content\"),r=0;r<s.length;r++)(t=(e=s[r]).getAttribute(\"data-secret\"))||(t=Math.random().toString(36).substring(2,12),e.src+=\"#?secret=\"+t,e.setAttribute(\"data-secret\",t)),e.contentWindow.postMessage({message:\"ready\",secret:t},\"*\")},!1)))}(window,document);\n\/\/# sourceURL=https:\/\/www.bedigitaltogether.be\/wp-includes\/js\/wp-embed.min.js\n\/* ]]> *\/\n<\/script>\n","description":"Der digitale Inklusionsplan aller Wallonen. Besonders die Aktion \u201eMOBILISIERUNG UND UNTERST\u00dcTZUNG DER AKTEURE AUS DER NACHBARSCHAFT ZUR VERVOLLST\u00c4NDIGUNG DER BETREUUNGS- UND AUSBILDUNGSMASSNAHMEN BEI GEF\u00c4HRDETEN BESONDEREN GRUPPEN\u201c. Es geht darum, die Initiativen zur Betreuung und Entwicklung digitaler Kompetenzen zugunsten vor allem gef\u00e4hrdeter Zielgruppen, darunter Frauen, zu unterst\u00fctzen. Die Unterst\u00fctzung setzt den Aufruf zu Projekten und\/oder Vorzugsbedingungen [&hellip;]"}

Der digitale Inklusionsplan aller Wallonen. Besonders die Aktion „MOBILISIERUNG UND UNTERSTÜTZUNG DER AKTEURE AUS DER NACHBARSCHAFT ZUR VERVOLLSTÄNDIGUNG DER BETREUUNGS- UND AUSBILDUNGSMASSNAHMEN BEI GEFÄHRDETEN BESONDEREN GRUPPEN“. Es geht darum, die Initiativen zur Betreuung und Entwicklung digitaler Kompetenzen zugunsten vor allem gefährdeter Zielgruppen, darunter Frauen, zu unterstützen. Die Unterstützung setzt den Aufruf zu Projekten und/oder Vorzugsbedingungen [&hellip;]
